*2 - 12*i**3 - 3*i**2 + i**2 - i. Give j(1).
-10
Let t(r) = -r - 6. Suppose 0 = -3*y + 4*q - 7, 0 = -4*y - 2*q - 16 - 30. Give t(y).
3
Suppose 7*s + 6 = 9*s. Let o(h) = 0 + 3 + s*h**2 - 4*h**2 - 6*h + 2*h**2. Calculate o(3).
-6
Let x(j) = -j**2 + j + 1. Suppose -4*b = -z + 8, -z + 0*b + 10 = -5*b. Let a be x(z). Let h(q) = -3*q + 3 + a - q**2 - 6. Calculate h(-2).
0
Let d be 1 - (1 + -14) - -1. Let f be (-80)/(-14) + (-4)/(-14). Suppose v - 5*s = -d, -2*s + 17 = -5*v - f*s. Let y(r) = r + 3. Give y(v).
-2
Let o be 4 - (9/3 + -3). Suppose 5*v = 3*k - 14 - 26, -10 = 2*k + o*v. Let w(f) = f**2 - 6*f + 6. Calculate w(k).
1
Let j(z) = z + 7. Let s(x) = -x - 10. Let r be 6/(-7)*28/2. Let y be s(r). Let v be 9/((-1)/(y/3)). What is j(v)?
1
Let x(d) be the second derivative of d**5/20 + d**4/4 + 2*d**3/3 + 3*d**2/2 - 30*d. Give x(-2).
-1
Let d(w) be the third derivative of w**4/24 - 4*w**3/3 + 8*w**2. Give d(0).
-8
Let a(d) = -3 - 20*d + 35*d - 19*d. Give a(-3).
9
Let l(g) = -g**3 - 2*g**2 + g + 4. Suppose 8 - 2 = -2*t. What is l(t)?
10
Let d be 1 - (-2 - 1)*1. Let t = -3 + d. Let m be t*2*(3 - 4). Let g(o) = o**2 + 4*o + 2. Determine g(m).
-2
Let s(k) be the second derivative of k**4/12 + k**3 - k**2/2 + 12*k. Determine s(-6).
-1
Let l be (-6)/(-4)*(4 + -2). Suppose 0 = l*q + q. Let o(y) = y**3 + y**2 + y - 7. Determine o(q).
-7
Suppose -5*p + 15 = 4*m, m = p - 2*m + 16. Let z(v) = -2*v**2 - v + 0*v**2 + 2*v. Calculate z(p).
-3
Let d(i) be the third derivative of -i**5/60 - i**4/12 + 6*i**2. Suppose 0 = -b - 0*b - 2*v, 3*b + 45 = 3*v. Let q(r) = r + 7. Let o be q(b). What is d(o)?
-3
Let s(q) = -2 - 112*q**2 - 4*q + 109*q**2 - 1 - 2*q**3. Give s(-2).
9
Let q = 2 - 0. Let s(h) = 4 + 2*h**2 - 6 - h + 0 + 0*h**q. Determine s(2).
4
Let i = -2 + 2. Suppose 2*c + i = -2. Let w = c - -5. Let j(y) = y**3 - 4*y**2 - 3*y + 6. What is j(w)?
-6
Let d be ((-10)/4)/((-2)/(-4)). Let r(k) be the third derivative of k**6/120 + k**5/10 + k**4/4 + 7*k**3/6 + 5*k**2. Determine r(d).
2
Let j(r) = 5*r**3 + r**2 - 2*r + 1. Let o be j(1). Let n(k) = 10 - 5 - o - 6*k - k**2. Give n(-6).
0
Let p(b) be the second derivative of b**4/12 - 2*b**3/3 + 3*b**2 - b. Suppose 0*i + 16 = -4*i. Let o = i - -8. Give p(o).
6
Let c(m) = 4*m - 1. Let z(g) = -g**3 - 7*g**2 + 5*g - 9. Let b be z(-8). Suppose -5 = -2*n + b. Suppose 2*k - 5*i = -0 - 7, -5*i + n = -5*k. Give c(k).
-5
Let h(w) be the third derivative of -w**6/120 + w**5/60 + w**4/24 - w**3/6 - 13*w**2. Let z(s) = -s**3 + 4*s**2 + 4*s + 5. Let o be z(5). What is h(o)?
-1
Let w = 0 - -3. Let t(d) = -3 + 0*d + 4*d + d**w - 3*d - 5*d**2 + 5. Calculate t(5).
7
Let n(x) = -9*x**3 + 8*x**2 + 10*x - 5. Let a(b) = 5*b**3 - 4*b**2 - 5*b + 3. Let g(p) = 7*a(p) + 4*n(p). Let r = -21 - -26. Determine g(r).
1
Let p(i) be the first derivative of -i**3/3 + 3*i**2 - 3*i - 7. Calculate p(5).
2
Let a(o) be the third derivative of o**4/12 - 12*o**2. Let u = -2 + -5. Determine a(u).
-14
Let x(f) = -6*f**2 - 6*f + 9. Let n(a) = 7*a**2 + 7*a - 10. Suppose 3 + 3 = -m. Let q(l) = m*x(l) - 5*n(l). Determine q(0).
-4
Let s(y) = y**3 - 2*y**2 + 4*y - 2. Let h(z) = z**3 - 3*z**2 + 4*z - 3. Let r(m) = 5*h(m) - 6*s(m). What is r(-3)?
9
Let r(m) = -7*m**2 - 13*m - 6. Suppose 0 = 3*w - 5*i + 28, 4*i + 27 = -2*w - i. Let l(o) = -13*o**2 - 25*o - 12. Let t(s) = w*r(s) + 6*l(s). Give t(-6).
0
Suppose 3*b - 2*b = 3. Let a(p) = -6*p + 12 - 13 + b*p. Determine a(-2).
5
Let r(o) = -o**2 - 5*o - 1. Suppose -101 + 29 = -3*s. Suppose -2*p + s = -f + p, -3*f - 42 = -3*p. Let l(v) = v**2 + 9*v - 5. Let c be l(f). Calculate r(c).
-1
Let z(w) = 8*w**3 - 21*w**2 - 32*w + 5. Let p(o) = -3*o**3 + 7*o**2 + 11*o - 2. Let h(l) = -11*p(l) - 4*z(l). Calculate h(-6).
-4
Let h(f) = -f**3 - 3*f**2 + 6*f + 5. Suppose -2*b + 8*b = 72. Let m = 1 + -2. Let s be (b/(-9))/(m/(-3)). Give h(s).
-3
Let c(f) = -f**3 - 9*f**2 + 12*f + 15. Let u be c(-10). Let d(o) = o**2 + 3*o - 7. Calculate d(u).
3
Let p(o) be the third derivative of -o**4/12 - 5*o**3/6 - 6*o**2 - 4. Calculate p(-5).
5
Let d(p) = 2*p**3 - p**2 + p - 2. Suppose 0 = -3*q + 2*a + 2*a + 10, -2*a = -q + 4. Calculate d(q).
12
Let f(a) = -2*a**2 - a + 1. Let y(t) = t**2 - 6*t - 2. Let u be y(6). Let h be (-2)/((-1)/u - 1). Let p = -6 + h. Give f(p).
-5
Let k = 1 + -1. Let y(a) = k - 16*a**2 - 2 - a**3 + 19*a**2. Suppose -w + 4*h = 18, h = -2*w - 3*w + 15. What is y(w)?
2
Let u = 2 - 1. Let c(g) = u + 6*g - 4*g - 4. Determine c(4).
5
Suppose -2*u - 21 = 5*j, -3 - 9 = j + 3*u. Let y(b) = 0*b**2 + 3*b**2 - b - 4*b**2. What is y(j)?
-6
Let s = -5 + 8. Suppose 3*y - 5*q - 37 = 0, 3*y + y = -q + 11. Suppose -s*j - d - 18 = 0, -5*j + y = -d + 26. Let c(l) = l**3 + 6*l**2 + 6*l - 2. Give c(j).
-7
Let d(c) be the first derivative of c**4/4 - 2*c**3 + 5*c**2/2 + 6*c + 1. Calculate d(5).
6
Let v = 4 - 0. Let f = v + -7. Let y(k) = -13*k**3 - 13*k**2 + 12*k - 12. Let s(a) = 3*a**3 + 3*a**2 - 3*a + 3. Let w(o) = 9*s(o) + 2*y(o). Determine w(f).
-6
Let q(b) = b**3 + 8*b**2 + 4*b - 7. Let h be q(-5). Let r be h/(-9)*(-3)/2. Let s(l) = -l - 1. What is s(r)?
-9
Let v(m) = m**3 - 3*m + 1. Suppose 0 = 4*s + 3*z - 0 + 4, -4*s + z = 20. Let o = 4 + s. Suppose o = -3*j - j + 8. What is v(j)?
3
Suppose -8 = 2*v, 3*q + 2*q - 4*v - 31 = 0. Suppose -3*i - q*r = -8*i + 5, 2*r = 0. Let c(z) = 3*z**2 - 1 - 6*z**3 - 3*z**2 + 2*z. What is c(i)?
-5
Let u(h) = -h - 2. Suppose 2*s = s + 7. Suppose -4*o + 3*y = -y + 44, -2*y - 62 = 5*o. Let l = s + o. Determine u(l).
3
Let t(a) be the third derivative of 0*a**3 + 1/30*a**5 + 0 - 1/24*a**4 + 0*a + 8*a**2. Calculate t(-1).
3
Let x be -2*1*(-10)/4. Let a(m) = -m - 1. Let y(c) = -1. Let v(u) = x*y(u) - 6*a(u). Calculate v(-1).
-5
Let s(v) = 2*v - 3*v - v**2 + 8*v + 0*v**2. Let b(a) = -a**2 + 8*a. Let g(m) = -5*b(m) + 6*s(m). What is g(4)?
-8
Let v(g) = 3*g + 6. Let f(c) = -c - 1. Let l(z) = 4*f(z) + v(z). Give l(3).
-1
Let i(d) = d**2 + 2*d - 13. Let f be i(3). Let q(v) = -3*v - 5. Let u(y) = -y - 3. Let r = 3 + 0. Let x(b) = r*q(b) - 5*u(b). Calculate x(f).
-8
Suppose -2*o - 1 = -o - 4*d, 5*o + 5*d - 20 = 0. Let r(q) = o*q**2 + 2*q**2 - q**2 + 5*q - 3*q**2. Determine r(-5).
0
Let c(y) = -8*y**3 + y**2. Suppose -16 = -2*m - 0*m. Let s be 5/(20/m) - 1. What is c(s)?
-7
Let b(m) = -7*m**3 + 2*m**2 - m. Suppose -2*n - 3*i - 1 = 0, -3*n = 2*i + 3*i + 2. What is b(n)?
-6
Let x(v) = -v**2 + 7*v + 1. Suppose -12 = -2*p - 2*p, -3*c + 27 = 3*p. What is x(c)?
7
Let k(i) = -2*i + 1. Let p(d) = -3*d + 1. Let a(q) = -4*k(q) + 3*p(q). Calculate a(6).
-7
Let b(a) = a**3 - 9*a**2 + 15*a - 8. Let l be b(7). Let q(j) = -6*j. What is q(l)?
6
Suppose 3*o + 35 = 5*w, 3 + 11 = w - 2*o. Suppose 2*d = w*z - 4, -4*d + 8*d = 5*z - 8. Let r(j) = -j + 5. Give r(z).
5
Let m(j) = j**3 - 5*j**2 + 4*j + 5. Suppose -h - 3*o + 9 = 2*h, 3*h + 5*o - 7 = 0. Let z be m(h). Let y(p) = p**3 - 4*p**2 - 7*p + 7. Calculate y(z).
-3
Let w(f) be the third derivative of 1/3*f**3 - 3*f**2 + 0 + 0*f + 0*f**4 - 1/60*f**5. Give w(-3).
-7
Let a(q) = -q. Let o be a(10). Let g = 14 + o. Let t(x) = x**3 - 4*x**2 - x + 3. Calculate t(g).
-1
Let j = -6 - -8. Let y(p) be the third derivative of 0*p + 0 - 1/2*p**3 + 2*p**j - 1/24*p**4. Determine y(4).
-7
Suppose 5*o = 3*o. Let x be (-4)/2*(o + -1). Let b(j) = 3*j**3 - 3*j**x - 3*j - 3 - 2*j**3 - 2*j. Calculate b(4).
-7
Let h(v) = v. Let z(j) = j - 3. Let u(a) = -2*h(a) + z(a). Determine u(-6).
3
Let b(u) = u**2 + u + 1. Suppose 0 = 16*s - 11*s + 15. Give b(s).
7
Let b(w) be the third derivative of w**4/12 - w**2. Suppose 10*j = 14*j - 4. What is b(j)?
2
Suppose 24 = -5*b - 11. Let t = -3 - b. Let a(v) be the first derivative of -v**4/4 + 4*v**3/3 + v**2 - 6*v + 1. What is a(t)?
2
Let l(d) be the third derivative of -5*d**4/24 - d**3/6 - 3*d**2 + 3. Determine l(1).
-6
Let w(i) = -i**3 - 3*i**2 + 2*i - 1. Let c(f) = f**3 + 3*f**2 - 2*f + 2. Let y(b) = 3*c(b) + 2*w(b). Let g be ((-3*1)/1)/(-1). Suppose -g*p = -p + 8. Give y(p).
-4
Let y(a) = a**2 - 5*a + 1. Let m(f) = 2 - f + f**2 - 1 - 2 + 0*f**2. Let x(s) = -2*m(s) + y(s). Let z = -6 + 3. Calculate x(z).
3
Let n be (-4)/6 - 70/(-15). Let u(z) = -2*z - 5. Calculate u(n).
-13
Let x(v) = -v + 2. Let y(t) = -6*t + 9. Let w(p) = 11*x(p) - 2*y(p). Let f = -17 - -17. Calculate w(f).
4
